{"id":20,"date":"2018-10-10T08:10:08","date_gmt":"2018-10-10T05:10:08","guid":{"rendered":"https:\/\/polarbusfi.test.cchosting.fi\/?page_id=20"},"modified":"2024-12-23T21:41:22","modified_gmt":"2024-12-23T19:41:22","slug":"20-2","status":"publish","type":"page","link":"https:\/\/polarbus.fi\/","title":{"rendered":"Etusivu"},"content":{"rendered":"<div id=\"pl-20\"  class=\"panel-layout\" ><div id=\"pg-20-0\"  class=\"panel-grid panel-no-style\" ><div id=\"pgc-20-0-0\"  class=\"panel-grid-cell\" ><div id=\"panel-20-0-0-0\" class=\"so-panel widget widget_sow-editor panel-first-child panel-last-child\" data-index=\"0\" ><div class=\"so-widget-sow-editor so-widget-sow-editor-base\">\n<div class=\"siteorigin-widget-tinymce textwidget\">\n\t<header class=\"entry-header\">\n<h1 class=\"entry-title\">Polarbus on nyt Apperclass<\/h1>\n<\/header>\n<p>Polarbus ja Edustusautotaksit Oy yhdistiv\u00e4t voimansa ja jatkavat toimintaansa uuden <a href=\"https:\/\/apperclass.fi\/\">APPERCLASS<\/a>\u00a0nimen alla.\u00a0<a href=\"https:\/\/apperclass.fi\/\">Uudella nettisivulla<\/a>\u00a0tarjoamme tutut palvelut my\u00f6s jatkossakin.<\/p>\n<h2 style=\"text-align: left;\"><strong>Tilausajot 24 tunnin p\u00e4ivystyksell\u00e4:<\/strong><\/h2>\n<\/div>\n<\/div><\/div><\/div><\/div><div id=\"pg-20-1\"  class=\"panel-grid panel-has-style\" ><div class=\"panel-row-style panel-row-style-for-20-1\" ><div id=\"pgc-20-1-0\"  class=\"panel-grid-cell\" ><div id=\"panel-20-1-0-0\" class=\"so-panel widget widget_sow-editor panel-first-child panel-last-child\" data-index=\"1\" ><div class=\"so-widget-sow-editor so-widget-sow-editor-base\">\n<div class=\"siteorigin-widget-tinymce textwidget\">\n\t<h4><i class=\"fa fa-envelope-o fa- \" ><\/i> s\u00e4hk\u00f6posti<br \/>\n<a href=\"mailto:leif@polarbus.fi\">leif@polarbus.fi<\/a><\/h4>\n<\/div>\n<\/div><\/div><\/div><div id=\"pgc-20-1-1\"  class=\"panel-grid-cell\" ><div id=\"panel-20-1-1-0\" class=\"so-panel widget widget_sow-editor panel-first-child panel-last-child\" data-index=\"2\" ><div class=\"so-widget-sow-editor so-widget-sow-editor-base\">\n<div class=\"siteorigin-widget-tinymce textwidget\">\n\t<h4><i class=\"fa fa-phone fa- \" ><\/i> Soita<br \/>\n<a href=\"tel:+358400433220\">+358 400 433 220<\/a><\/h4>\n<div id=\"gtx-trans\" style=\"position: absolute; left: -24px; top: 19.2656px;\">\n<div class=\"gtx-trans-icon\"><\/div>\n<\/div>\n<\/div>\n<\/div><\/div><\/div><\/div><\/div><\/div>","protected":false},"excerpt":{"rendered":"<p>Polarbus on nyt Apperclass Polarbus ja Edustusautotaksit Oy yhdistiv\u00e4t voimansa ja jatkavat toimintaansa uuden APPERCLASS\u00a0nimen alla.\u00a0Uudella nettisivulla\u00a0tarjoamme tutut palvelut my\u00f6s jatkossakin. Tilausajot 24 tunnin p\u00e4ivystyksell\u00e4: s\u00e4hk\u00f6posti leif@polarbus.fi Soita +358 400 433 220<\/p>\n","protected":false},"author":1,"featured_media":0,"parent":0,"menu_order":0,"comment_status":"closed","ping_status":"closed","template":"","meta":{"spay_email":""},"jetpack_sharing_enabled":true,"jetpack_shortlink":"https:\/\/wp.me\/PaTbxH-k","_links":{"self":[{"href":"https:\/\/polarbus.fi\/index.php\/wp-json\/wp\/v2\/pages\/20"}],"collection":[{"href":"https:\/\/polarbus.fi\/index.php\/wp-json\/wp\/v2\/pages"}],"about":[{"href":"https:\/\/polarbus.fi\/index.php\/wp-json\/wp\/v2\/types\/page"}],"author":[{"embeddable":true,"href":"https:\/\/polarbus.fi\/index.php\/wp-json\/wp\/v2\/users\/1"}],"replies":[{"embeddable":true,"href":"https:\/\/polarbus.fi\/index.php\/wp-json\/wp\/v2\/comments?post=20"}],"version-history":[{"count":42,"href":"https:\/\/polarbus.fi\/index.php\/wp-json\/wp\/v2\/pages\/20\/revisions"}],"predecessor-version":[{"id":587,"href":"https:\/\/polarbus.fi\/index.php\/wp-json\/wp\/v2\/pages\/20\/revisions\/587"}],"wp:attachment":[{"href":"https:\/\/polarbus.fi\/index.php\/wp-json\/wp\/v2\/media?parent=20"}],"curies":[{"name":"wp","href":"https:\/\/api.w.org\/{rel}","templated":true}]}}